6 - j. What is the remainder when w is divided by 18?
15
Let c(s) = 2*s - 3. What is the remainder when c(12) is divided by 1?
0
Let c be (-7 + -1)*(-24)/8. Suppose 16 = -3*g - 2*m + 55, -2*g + c = 2*m. Calculate the remainder when 42 - 4/12*0 is divided by g.
12
Suppose 59*y - 2981 = 8229. What is the remainder when y is divided by 26?
8
Let g = 2 + -6. Suppose 3*r - 3*a - 132 = 0, -6*a + 4*a - 170 = -4*r. What is the remainder when r is divided by 2 + -2 - (-7 + g)?
8
Suppose 3*q + 0*q = 5*s + 9, -15 = -5*q + 4*s. Suppose -3*m = 2*g - 11, -g + 3*g - q*m - 29 = 0. What is the remainder when 49 is divided by g?
9
Let v(j) = j**2 - 6. Suppose -4*l + 19 = -1. Calculate the remainder when v(l) is divided by 7.
5
Let x be -1*((-4)/2 - 0). Let r(b) = 40*b + 2. Let c be r(x). Suppose c + 113 = 5*u. What is the remainder when u is divided by 20?
19
Let q(p) = -94*p + 435. What is the remainder when 197 is divided by q(4)?
20
Suppose 2*v - 16 = -3*m, 0 = -6*m + 2*m - 8. Suppose -3*a + 107 = -5*i + 9*i, -4*i - 78 = -2*a. What is the remainder when a is divided by v?
4
Let v(j) = -3*j - 3. Let c be v(-2). Let r be 40 + (-5)/((-35)/21). Suppose -r = -c*f + 38. What is the remainder when f is divided by 7?
6
Suppose o - 38 = -o. Let c = -14 - -14. Suppose c = -g - 4*a - 24 + 80, 5*g - 160 = 4*a. What is the remainder when g is divided by o?
17
Let d(l) = -l**3 - 2*l**2 + l + 3. Let g = -7 - -4. Suppose 0 = -a + 5 - 0. What is the remainder when d(g) is divided by a?
4
Let s = 140 + -138. Let r(o) = 14*o + 2. Let z(g) = 21*g + 3. Let x(b) = 8*r(b) - 5*z(b). What is the remainder when x(s) is divided by 4?
3
Suppose 2*h + 46 - 136 = -4*o, -3*o = -h + 40. Suppose -c + h = 27. Calculate the remainder when c is divided by 6.
4
Suppose 0 = -t + 5*s + 231, 78*t - 80*t - 5*s = -402. Calculate the remainder when t is divided by 43.
39
Suppose 4*z + 4*n = 112, 0*z - z = 2*n - 33. Let v = 3 + -6. Let o(r) = r**3 + 5*r**2 + 5*r + 3. What is the remainder when z is divided by o(v)?
5
Let r(f) = 3*f**3 - 2*f**2 - 3*f + 2. Let n(z) = z - 1. Let g(y) = -7*y - 24. Let t(l) = g(l) - 6*n(l). Calculate the remainder when t(-5) is divided by r(2).
11
Let b = 144 + -71. What is the remainder when 216 is divided by b?
70
Suppose -2*h + s + 8 = 4*s, -2*s = -2*h + 28. Let i = 92 - 65. What is the remainder when i is divided by h?
7
Let z(w) = 5*w + 2. Let c be z(-2). Let m = 12 + c. Suppose -m*h = -4*d + 8, -d + h + 14 = 6*h. Calculate the remainder when 5 is divided by d.
1
Let j(v) = 4*v - 7. Suppose 7*d = -16 + 737. Calculate the remainder when d is divided by j(5).
12
Suppose -7*y - 339 = -3*n, 154 = 4*n - y - 298. What is the remainder when n is divided by 16?
1
Let w(x) = -2*x + 15. Let j(b) = -b + 14. Let m(c) = -5*j(c) + 4*w(c). What is the remainder when m(-5) is divided by 2?
1
Let y = -656 - -669. What is the remainder when 1207 is divided by y?
11
Suppose 13*n - 2604 = n. What is the remainder when n is divided by (-6)/((-6)/(-120)*-6)?
17
Let t = -62 - -122. Let a = t - -7. What is the remainder when a is divided by 17?
16
Suppose -12*f = -16*f - 232. Let g = -54 - f. Calculate the remainder when 25 is divided by g.
1
What is the remainder when 97 is divided by (-25 + 11)*(-21)/6?
48
Let s(i) = 10*i + 127. What is the remainder when 400 is divided by s(-6)?
65
Suppose 0 = -28*u - 11*u + 468. Calculate the remainder when 321 is divided by u.
9
Suppose -4*u + 192 = 4*u. What is the remainder when u is divided by 13?
11
Suppose 25 = 3*y + w - 15, -w - 32 = -3*y. Suppose 31*x = 117 + 7. Calculate the remainder when y is divided by x.
0
Suppose 0 = -5*m + 1810 + 70. What is the remainder when m is divided by 29?
28
Let n(x) = x**3 + 18*x**2 + x + 29. Let y(a) = a**2 - 9*a - 18. Let h be y(0). Calculate the remainder when 19 is divided by n(h).
8
Let g(z) = 4*z**3 - z + 1. Suppose 4*a = -5*p + 18, 0 = 3*a + 5*p + 5 - 16. Let n(s) = 4*s - 1. Calculate the remainder when g(3) is divided by n(a).
25
Let d(n) = -2*n + 7. Suppose -4*j + 35 + 122 = 3*w, 3*j - 44 = -w. What is the remainder when w is divided by d(-7)?
17
Let g be ((-1)/(-2))/((-4)/(-160)). Suppose 16 + 2 = 6*q. Suppose -7*y = -q*y - g. Calculate the remainder when 12 is divided by y.
2
Let j = -8 - 4. Calculate the remainder when (-4 + 8)/j*-159 is divided by 18.
17
Suppose j - 3*j = -6. Let t = -96 + 114. What is the remainder when (-3)/(-3) - (-261)/j is divided by t?
16
What is the remainder when 21/(-84) + ((-250)/(-8) - -1) is divided by 13?
6
Let u(l) = 3*l**2 + l - 1. Let v be u(-2). Suppose -w = 0, 4*n + 2*w - 15 = v. Let z(j) = j + 3. Calculate the remainder when z(n) is divided by 6.
3
Let r(h) = h + 20. Calculate the remainder when 231 is divided by r(10).
21
Let p(v) = 6*v + 15. Let u(s) = 6*s + 13. Let q(n) = 2*p(n) - 3*u(n). Let g be 42/(-10) - 2/(-10). What is the remainder when q(g) is divided by 9?
6
Suppose 0 = -3*d - 9, -4*j - 3*d + 33 + 18 = 0. Calculate the remainder when 343 is divided by j.
13
Suppose 52 = 30*n - 518. Calculate the remainder when 246 is divided by n.
18
Let o(d) = -7*d - 29. Let m be o(-5). Suppose -4*z = m*g - 2*g, -12 = -2*z + 2*g. What is the remainder when z is divided by 3?
0
Suppose -1360 = 10*w - 18*w. What is the remainder when ((-66)/(-5))/(68/w) is divided by 7?
5
Suppose -5*d + 173 = -4*n, 5*d - 31 = 4*d + 2*n. What is the remainder when 146 is divided by d?
35
Suppose 0 = -4*g - 3*m + 2138, 0 = -g + 5*m + 525 - 2. What is the remainder when g is divided by 17?
6
Suppose -37 = -3*g - 2*g - 3*r, 0 = g - r - 1. Suppose 3*s - 45 - 1 = -5*h, s - 27 = -4*h. Suppose 33 = 5*p - s. What is the remainder when p is divided by g?
3
Let h(o) = -o**2 + 12*o - 22. Let f be h(9). Suppose -9 = f*q - 8*q. Suppose q*z + 2*t = 44, -4*t = 4*z - 9 - 47. What is the remainder when 30 is divided by z?
14
Let t(k) = -k**2 - 29*k - 34. What is the remainder when t(-18) is divided by 13?
8
Suppose -2*x + 4*x - 170 = 0. What is the remainder when (0 + -5)/(x/45 + -2) is divided by 8?
5
Let g(r) = 70*r**2 - 36*r**2 - 33*r**2 + 4*r - 19. Let c = 5 - 0. Calculate the remainder when c is divided by g(-7).
1
Let q(a) = 19*a + 20. Let j(g) = -19*g**3 + 2*g**2 + g. What is the remainder when q(2) is divided by j(-1)?
18
Let r(s) be the second derivative of 4*s**3/3 + 3*s**2/2 + 5*s. Suppose -2*f + 10 = 0, 3*f + 12 = h - 0*f. Calculate the remainder when r(6) is divided by h.
24
Suppose -47*u - 453 = -50*u. Suppose 4*f - 141 = -2*c + c, -c + f + u = 0. Calculate the remainder when c is divided by 38.
35
Suppose -2*b + 29 = -45. Calculate the remainder when b is divided by 15.
7
Suppose 34 = 2*v + 4*j, -5*j + 31 = v - 10*j. Let d be (v/(-12))/((-1)/4). Let m(f) = f + 10. What is the remainder when m(d) is divided by 5?
2
Calculate the remainder when (112/70)/(12/1290) is divided by 55.
7
Let j(q) = 9*q**2 - 9*q + 44. What is the remainder when j(5) is divided by 6?
2
Suppose -47*g + 3*b - 2727 = -49*g, 0 = b - 5. What is the remainder when g is divided by 14?
12
Let d(i) = -17*i**2 - 2*i + 3. Let s(p) = -9*p**2 - p + 2. Let q(u) = -6*d(u) + 11*s(u). Calculate the remainder when q(3) is divided by 9.
7
Let w(c) = -3*c**3 + 2*c**2 - c + 1. Let s be w(2). Let j be (-4 - (-2)/(3 + -1)) + -5. Let x = j - s. What is the remainder when x is divided by 5?
4
What is the remainder when (50/(-8))/((-14)/1624) is divided by 56?
53
Suppose -3*q = -2*q - 78. Suppose 4*j + 5*u = 21, 3*j - u = 28 + 2. Calculate the remainder when q is divided by (-2)/9 - (5 + (-227)/j).
18
Let i(t) = -10*t + 182. What is the remainder when i(8) is divided by 29?
15
Let u be (-1)/((-1)/(-4)) - -16. Suppose -470 = -u*f - 146. What is the remainder when f is divided by 7?
6
Let o(d) = d**3 + 4. Let x = -10 + 22. What is the remainder when x is divided by o(0)?
0
Calculate the remainder when 521 is divided by 2/(-2) - 1/(7/(-182)).
21
Let n = 92 - 66. Calculate the remainder when 154 is divided by n.
24
Let k be (28/(-10))/((-1)/(-10)). Let o = -204 - -202. Calculate the remainder when -1 + o + 2 - k is divided by 14.
13
Suppose -w - 2*g + 96 = 0, -g - 18 = -3*w + 291. Calculate the remainder when w is divided by 39.
24
Let j(t) = 5*t + 2. Let q be j(-2). Let n = 3 + q. Let k(h) = -5*h + 4. What is the remainder when k(n) is divi